 + -11 + 1.
-5
(-5 - -2) + 1 + 7 + -7
-2
(1 - (2 - -1)) + -1
-3
What is 11 + (-22 - -8 - -6)?
3
What is (5 - 1) + -10 + (2 - 1)?
-5
Evaluate 5 - (5 + -3) - (-2 - -1).
4
Calculate 2 - (2 + (1 - 2)).
1
What is the value of 5 + -4 + -1 + 6 - 1?
5
What is (4 - 6 - (-1 - 1)) + 2?
2
-13 - (3 - -9 - 16)
-9
-3 - (0 + -5 - 3)
5
Evaluate -3 + -2 + (10 - 8) + -5.
-8
Evaluate -4 - (-5 + -1 + -1).
3
What is 1 - (-1 + -4 + 24 + -17)?
-1
Evaluate 7 - (7 + 6 + 0).
-6
What is -1 + -4 + (6 - 3) + 2?
0
What is the value of -4 - 1 - 1 - -3?
-3
What is -15 + 0 + (4 - (9 - 11))?
-9
What is 12 + (-7 + -3 - 1)?
1
Evaluate -1 - 9 - (-43 + 37).
-4
(-13 - (-7 + -4)) + 9
7
Calculate (14 - 12) + (-2 + 4 - 2).
2
What is (7 - 2) + 10 + -5?
10
What is the value of 3 + (-16 + 9 - 5)?
-9
Evaluate (-9 + 5 - 3) + (1 - -1).
-5
What is (3 - (-1 - -4)) + -2?
-2
Evaluate (-13 - -13) + (0 - 0) + 4.
4
3 - (-1 - (-3 - (-4 - -3)))
2
What is 87 + -81 - (5 - 0)?
1
What is the value of 119 - 126 - (1 + -17)?
9
What is 3 + (9 - 4 - 8)?
0
Evaluate -4 + (8 - -2 - (-5 + 6)).
5
0 + -8 - (-13 + 9 + -1)
-3
5 - (5 + -8 + 4 + 1)
3
Evaluate -7 - (9 - 19) - 11.
-8
Calculate -2 + 2 + 1 + -8.
-7
Evaluate -1 - (1 + -5 + -3 - -6).
0
Calculate -3 + 4 - -2 - 4 - 4.
-5
What is (65 - 61) + (1 + -9 - -1)?
-3
What is -1 + (5 + -4 + 1 - 4)?
-3
Evaluate -27 - -27 - (2 - 0).
-2
Calculate 2 + 3 + -7 - -4.
2
Calculate -1 - (0 - (9 + -5)).
3
Calculate -6 + (0 + 0 - (-8 - -10)).
-8
What is the value of 3 + -3 - (0 - 5)?
5
0 - -3 - (4 - (15 - 13))
1
Calculate -5 - 1 - (28 + -28) - -3.
-3
What is (-1 - 6 - (-1 + 1)) + 2?
-5
What is the value of 2 + 3 - (4 + -5 - -4)?
2
Calculate -14 + 14 + -7 + 14.
7
(-7 + -3 - -2) + (8 - 7)
-7
Evaluate -4 + 2 + -6 + -4 + 8.
-4
Evaluate (-128 - -129) + 6 + -2 + 1.
6
Calculate -1 + 12 + -7 + -9.
-5
What is 10 - 1 - (-227 + 240)?
-4
What is the value of 3 + 0 - (-3 + 0 - -2)?
4
What is -5 + (6 - 4) + 0 + 2?
-1
Evaluate 9 - (0 - (4 - 15)).
-2
What is the value of -13 + 10 - ((3 - 2) + 1)?
-5
1 + (1 - (2 - 2))
2
What is 2 + 4 + (-3 - -2 - 2)?
3
Evaluate (-1 - (-1 - 1)) + -4.
-3
Calculate 3 + 1 - (10 - (-14 + 25)).
5
What is the value of 11 + (-11 + 7 - 0) + -16?
-9
What is (-2 - -5) + 1 - 6?
-2
Evaluate -1 + 0 + 0 + (100 - 97).
2
Calculate -1 + -1 - (7 + (5 - 13)).
-1
Calculate (-2 - 3) + 6 + -3 + 0.
-2
What is the value of ((-1 - -3) + -1 - 2) + 2?
1
Evaluate 2 + -2 - (3 - 2).
-1
(0 + 0 - 4) + 4 + 5
5
What is -10 + 8 - (1 + 2)?
-5
Calculate -16 - -11 - (1 - 1).
-5
Evaluate 8 - (1 + 4) - (-1 - -7).
-3
What is -6 - (-3 + (-4 - -1)) - -2?
2
-4 - -8 - (0 + -1)
5
6 - (-3 - (-10 + 5)) - 7
-3
What is -4 + 3 - 0 - (-3 - -6)?
-4
Evaluate -2 - (2 + (-4 - -1)).
-1
What is the value of (29 - 26) + (-1 - 1)?
1
What is the value of -1 + 2 + 6 + -4?
3
Calculate 7 - (0 + (-5 - -3) - -6).
3
What is the value of -1 + -4 + 4 + 1 + -2?
-2
Evaluate (-16 - -21) + (-2 - 8) + 2.
-3
Calculate -8 - -3 - (-4 - (-1 + -1)).
-3
What is the value of -1 - (4 - (5 - 4))?
-4
Evaluate (3 - 4 - 0) + -8 + 10.
1
2 + 13 + -16 + 3
2
What is -2 - (5 - -4) - -2?
-9
-1 + 1 + (2 - 6) + 1
-3
Evaluate 1 + (3 - (16 + -8 - 2)).
-2
Calculate (-2 - -1) + 2 - 4 - -2.
-1
Calculate -1 - (-1 + 2) - (-3 - 1).
2
What is the value of 1 - -11 - (2 + 1 + 0)?
9
What is the value of -1 + -1 - (12 - 16)?
2
What is 6 - (0 - (2 + (-2 - 3)))?
3
Calculate -8 + 9 + (-1 - 5).
-5
What is 1 + -7 + 0 + (17 - 9)?
2
Evaluate (-7 - -7) + 3 - 4.
-1
Evaluate 5 + -8 + (0 - 0).
-3
Evaluate (-1 + 4 - (-8 - -12)) + -4.
-5
What is the value of -5 - ((-5 + 4 - -5) + -10)?
1
What is (2 - (-2 + 3)) + -4 - 0?
-3
(2 - -1) + -56 + 59 + -2
4
What is 5 + -3 + (1 - 5)?
-2
Evaluate 2 + -1 + -1 + (-26 - -29).
3
What is the value of (-18 - -6) + (-7 - -12)?
-7
What is 4 + (5 - 13) + (-2 - -6)?
0
Evaluate (-2 + -2 - (-5 + 5)) + 5.
1
Calculate 3 + -8 + 6 + -3.
-2
What is -1 + -2 + 4 + 3 + -6?
-2
Evaluate (1 + -2 - -4) + -2 + -3.
-2
Calculate -2 + (-3 - -1) - (-7 + 6).
-3
Evaluate 5 + -7 + 12 + -2 + -4.
4
What is the value of (-1 - 1) + -15 + 11 - -2?
-4
Evaluate -1 + (-3 - -2) + (-4 - -5).
-1
Calculate (1 + 2 - 11) + 8.
0
(6 - 11) + 13 + -7
1
(2 - 5) + 3 + 3
3
What is the value of 5 + (1 - 6) - -2?
2
What is 24 - 26 - (-1 - (-2 - 5))?
-8
What is 2 - (-2 + -1 - -2)?
3
(3 - (14 - (10 - 6))) + 8
1
What is the value of (-1 - -3) + 3 + (4 - 6)?
3
Calculate -8 - (2 - -7 - 11).
-6
0 - (-2 + 0 + 1)
1
What is -32 - -28 - (1 + -9)?
4
What is the value of -3 + -6 + 7 + 4?
2
What is the value of 0 + 15 + (2 - 10)?
7
Evaluate (6 - -1) + -2 - 0.
5
Evaluate 4 - 4 - (-2 + -6).
8
What is 44 - 38 - (-5 - -3 - 2)?
10
Evaluate 3 + (4 - (5 - -4)).
-2
-4 + 8 + -5 + -2
-3
What is the value of -6 - -8 - -1 - -1?
4
-1 + 5 + -8 + 7
3
-3 + -12 + 27 - 1
11
What is the value of 3 - (-3 - (4 + -13 - -5))?
2
Evaluate 5 - 5 - (3 + -1).
-2
Calculate -5 + (5 - 2 - (3 + -1)).
-4
4 - 10 - (-7 - (-5 - -1))
-3
Calculate 1 + (-8 + 1 - (-63 + 63)).
-6
Evaluate 2 + -3 + 4 + 0 + 0.
3
What is the value of -49 - -53 - (-1 + 16 + -1)?
-10
What is (-2 - -1) + 5 + (-6 - -4)?
2
What is the value of 10 + -4 - (-2 + 13)?
-5
What is the value of 4 + -1 + -4 + 4?
3
2 + -2 + -3 + (13 - 11)
-1
Calculate -3 + -4 - (-12 - -6).
-1
Calculate (-3 - -10) + (2 - 12).
-3
What is the value of -2 + (-3 - -6) - 4?
-3
-4 - (-2 - (4 - 2) - 3)
3
What is (1 - 13) + 8 + 0?
-4
Calculate (1 - (5 - 2)) + 3 + 1.
2
Evaluate -3 - (2 + 1 + -2 + -3).
-1
2 + -7 + 9 + 2
6
What is the value of 0 + -1 + 0 + 0 + -4?
-5
(-3 - -3) + 0 + 9 + -11
-2
1 - (-6 - (3 + -7) - -1)
2
(3 - 0) + (-8 - -3 - -1)
-1
What is the value of (-4 - -7 - (-2 + -1)) + -12?
-6
Evaluate (0 - (-3 + 3)) + 3.
3
What is -1 + 6 + 3 + -2?
6
What is 11 - 9 - ((-1 - -7) + -2)?
-2
Calculate 2 + 3 + 1 + 4.
10
What is (-1 - 7) + -58 + 64?
-2
Calculate 9 - 6 - 9 - (-5 - -5).
-6
-45 - -35 - (-2 - 1)
-7
What is the value of 3 - (-2 - 0 - (-6 + 0))?
-1
What is 5 - ((6 - 5) + (-1 - 0))?
5
What is -3 - (-3 + (0 - 1) + 1)?
0
Evaluate -7 + (2 - (-4 - -4)).
-5
What is the value of 0 + 11 + -5 - (1 + -1)?
6
Calculate 3 + 0 - (12 - 19).
10
What is -2 + 3 + -4 - (-4 - -1)?
0
(-6 - 0) + 21 + -20
-5
-7 - (-4 - (7 - 4))
0
Evaluate (9 - 10) + -5 + -1 + 0.
-7
What is 7 - (14 + (-9 - 4))?
6
-2 + -4 + 5 + 5
4
7 + (0 - (4 + -1))
4
What is the value of (-1 - 2 - 1) + 2?
-2
What is 12 - 10 - (-2 + (5 - 2))?
1
What is the value of -6 - (23 + -11 + -25)?
7
Calculate -34 + 37 + 0 + 2 + -5.
0
-11 - (-35 + 11 - -5)
8
What is -8 - -15 - 6 - (0 - -9)?
-8
What is the value of (-3 + 0 - (-8 - -2)) + -10?
-7
Calculate 2 - (4 - 6) - 2.
2
(14 - 11 - -7) + -19
-9
What is -7 + 5 + -1 + 0 + 0?
-3
Evaluate (2 + 5 - 17) + 7.
-3
What is -5 + -5 + (20 - 6)?
4
What is the value of 6 + 1 - -4 - 18?
-7
Evaluate -5 - (7 + -13) - 6.
-5
Calculate (-7 - (-9 + 5)) + (1 - -2).
0
-3 - -2 - 0 - 0 - 2
-3
Evaluate -1 - (-4 + (5 - (2 - 3))).
-3
What is the value of -4 - (-2 + 3 - (-8 - -14))?
1
Calculate 10 + -13 - (-1 - 2).
0
-4 + 1 + 11 - 3 - 7
-2
Evaluate 2 + -3 + 0 + 4.
3
Calculate 0 + 5 - (-4 - (-17 + 8)).
0
Evaluate 2 - (-3 + 6 - -2 - 7).
4
Evaluate 0 + -11 + (38 - 34).
-7
3 - (5 + -6 + 3 + -4)
5
What is the value of (5 - 6) + (7 - (5 + -2))?
3
Calculate (1 - 4) + 5 + (5 - 8).
-1
What is the value of 6 - (-7 - (-12 + 5))?
6
-4 + (1 + 0 - (-37 - -34))
0
2 + -2 + 4 - 0
4
Calculate -10 - (-11 + -6) - 13.
-6
-1 + (3 - (-7 - -3)) - -1
7
9 + (-4 - 2 - -2)
5
What is 5 - (3 - (-4 - -3))?
1
Evaluate (-6 - -12) + (-2 - 2 - -1).
3
Evaluate -6 - (5 + -1 - 4).
-6
Calculate (-9 - 0) + (-18 - -24).
-3
Calculate (-2 - -4 - 6) + (-56 - -54).
-6
What is the value of 0 - (4 - (7 - 13 - -11))?
1
Evaluate 8 + (0 - 5) + 1 + 1.
5
What is the value of -7 + -1 - (7 - 14)?
-1
2 + -6 + (41 - 31)
6
Calculate 1 - (-8 - -22 - 8).
-5
What is (3 - (0 - 3)) + -4 - -2?
4
Calculate 8 - (-1 + 7 - 1).
3
12 + -12 - (6 + -6)
0
What is the value of 6 + -1 + (8 + 6 - 16)?
3
6 - (13 + -10 + -5)
8
Calculate (1 - (4 + -5)) + -1.
1
What is the value of -2 - (-1 + 4 + -2 + -1)?
-2
What is 10 - 1 - (0 + 11)?
-2
Calculate 6 + -2 + -2 + 3.
5
What is the value of -5 + -1 + 12 + -3 - -4?
7
10 + -13 - (-7 - -1)
3
-5 + 2 + -1 + (2 - 1)
-3
Calculate 0 + 4 + (-7 - -2).
-1
Calculate -3 + -2 - (-7 + (1 - -2)).
-1
What is (0 - -4 - 5) + -3 + -1?
-5
Evaluate -7 - (-1 + 3 + -41 + 35).
-3
What is 2 - (3